{"id":430,"date":"2024-03-08T11:21:50","date_gmt":"2024-03-08T10:21:50","guid":{"rendered":"http:\/\/www.transfervienna.at\/?page_id=430"},"modified":"2024-03-08T11:38:41","modified_gmt":"2024-03-08T10:38:41","slug":"allgemeine-geschaeftsbedingungen-agb","status":"publish","type":"page","link":"http:\/\/www.transfervienna.at\/?page_id=430","title":{"rendered":"Allgemeine Gesch\u00e4ftsbedingungen | AGB"},"content":{"rendered":"\n<p>TRANSFERTAXI VIENNA | Stand 2024<\/p>\n\n\n\n<p>I. Geltungsbereich<\/p>\n\n\n\n<p>Die nachfolgenden Allgemeinen Gesch\u00e4ftsbedingungen (AGB) regeln die Rechtsbeziehung zwischen dem Taxiunternehmen Transfertaxi Vienna, vertreten durch Savara GmbH (im Folgenden &#8222;Unternehmer&#8220; genannt), und seinen Kunden. Sie gelten f\u00fcr alle Leistungen, die von Transfertaxi Vienna erbracht werden.<\/p>\n\n\n\n<p>Mit der Auftragserteilung akzeptiert der Kunde diese AGB ausdr\u00fccklich und erkennt sie als integrierenden Bestandteil des Vertrages zwischen dem Kunden und dem Unternehmer an. \u00c4nderungen oder Nebenabreden dieser AGB bed\u00fcrfen der Schriftform und sind nur f\u00fcr den jeweiligen Gesch\u00e4ftsfall g\u00fcltig. Alle in diesen Bedingungen verwendeten Bezeichnungen gelten f\u00fcr Personen jeden Geschlechts.<\/p>\n\n\n\n<p>II. Haftung<\/p>\n\n\n\n<ol class=\"wp-block-list\">\n<li>Haftung gegen\u00fcber Verbrauchern:<br>a. Der Unternehmer haftet gegen\u00fcber Verbrauchern f\u00fcr leichte Fahrl\u00e4ssigkeit, ausgenommen bei Personensch\u00e4den.<\/li>\n\n\n\n<li>Haftung gegen\u00fcber Unternehmern:<br>a. Die Haftung des Unternehmers gegen\u00fcber Unternehmern f\u00fcr leichte und grobe Fahrl\u00e4ssigkeit ist ausgeschlossen.<\/li>\n\n\n\n<li>Pers\u00f6nliche Gegenst\u00e4nde:<br>a. Der Unternehmer \u00fcbernimmt keine Haftung f\u00fcr den Verlust pers\u00f6nlicher Gegenst\u00e4nde der Kunden w\u00e4hrend der Bef\u00f6rderung.<\/li>\n\n\n\n<li>Kundenhaftung:<br>a. Der Kunde haftet dem Unternehmer f\u00fcr jeden von ihm verursachten Schaden, einschlie\u00dflich Verdienstentgang und Verunreinigungen.<\/li>\n<\/ol>\n\n\n\n<p>III. Zahlungsbedingungen<\/p>\n\n\n\n<ol class=\"wp-block-list\">\n<li>Fahrpreis:<br>a. Der Kunde hat den Fahrpreis unmittelbar nach Durchf\u00fchrung der Bef\u00f6rderung in bar zu begleichen, sofern nichts Anderes vereinbart wurde.<br>b. Kartenzahlung ist m\u00f6glich.<br>c. Bei unverschuldetem Zahlungsverzug des Kunden k\u00f6nnen Verzugszinsen in H\u00f6he von 4% \u00fcber dem Basiszinssatz j\u00e4hrlich in Rechnung gestellt werden.<\/li>\n\n\n\n<li>Anzahlung:<br>a. Der Unternehmer kann den Vertrag unter der Bedingung abschlie\u00dfen, dass der Kunde eine Anzahlung oder den kompletten Fahrpreis leistet, sofern darauf vor Vertragsabschluss hingewiesen wurde.<\/li>\n<\/ol>\n\n\n\n<p>IV. Aufrechnung<\/p>\n\n\n\n<p>Der Kunde verzichtet auf das Recht der Aufrechnung, es sei denn, er ist Verbraucher und seine Gegenforderung steht im rechtlichen Zusammenhang mit der Forderung des Unternehmers, liegt ein Anerkenntnis des Unternehmers vor oder sind seine Forderungen gerichtlich festgestellt.<\/p>\n\n\n\n<p>V. R\u00fccktritt vom Vertrag, Stornogeb\u00fchr<\/p>\n\n\n\n<ol class=\"wp-block-list\">\n<li>Stornierung: a. Bei Stornierung eines vereinbarten Bef\u00f6rderungsauftrags durch den Kunden gelten folgende Stornogeb\u00fchren:\n<ul class=\"wp-block-list\">\n<li>Ab dem 5. Werktag vor dem Termin: mindestens 20% des Entgelts<\/li>\n\n\n\n<li>Ab dem 3. Werktag vor dem Termin: 40% des Entgelts<\/li>\n\n\n\n<li>Am Tag des Termins bis f\u00fcnf Stunden vor dem Termin: 60% des Entgelts<\/li>\n\n\n\n<li>Innerhalb der letzten f\u00fcnf Stunden vor dem Termin: 100% des Entgelts<\/li>\n<\/ul>\n<\/li>\n\n\n\n<li>Nichterscheinen des Kunden:<br>a. Wenn der Kunde nicht am vereinbarten Abholungsort zur vereinbarten Abholzeit erscheint und keine rechtzeitige Stornierung erfolgt, wird nach 15 Minuten der gesamte vereinbarte Preis f\u00e4llig.<\/li>\n\n\n\n<li>Weitere Kosten:<br>a. Der Kunde ist verpflichtet, alle Auslagen und im Falle seines Verschuldens alle Sch\u00e4den zu ersetzen, die durch die Stornierung entstanden sind.<\/li>\n\n\n\n<li>R\u00fccktritt des Unternehmers:<br>a. Bei nicht geleisteter Anzahlung zum vereinbarten F\u00e4lligkeitstermin kann der Unternehmer ohne Nachfrist vom Vertrag zur\u00fccktreten.<\/li>\n<\/ol>\n\n\n\n<p>VI. H\u00f6here Gewalt<\/p>\n\n\n\n<ol class=\"wp-block-list\">\n<li>Vertragserf\u00fcllung:<br>a. Bei Unm\u00f6glichkeit der Vertragserf\u00fcllung durch h\u00f6here Gewalt kann der Unternehmer den Vertrag ohne Einhaltung einer K\u00fcndigungsfrist aufl\u00f6sen. Anspr\u00fcche auf Schadenersatz seitens des Kunden sind ausgeschlossen.<\/li>\n<\/ol>\n\n\n\n<p>VII. Erf\u00fcllungsort, Gerichtsstand und Rechtswahl<\/p>\n\n\n\n<ol class=\"wp-block-list\">\n<li>Rechtswahl:<br>a. F\u00fcr alle Rechtsbeziehungen zwischen Transfertaxi Vienna und seinen Kunden gilt ausschlie\u00dflich \u00f6sterreichisches Recht.<\/li>\n\n\n\n<li>Gerichtsstand:<br>a. F\u00fcr Streitigkeiten aus dem Vertrag wird die ausschlie\u00dfliche Zust\u00e4ndigkeit des f\u00fcr den Standort des Unternehmens zust\u00e4ndigen Gerichts vereinbart.<\/li>\n<\/ol>\n\n\n\n<p>Diese AGB unterliegen \u00f6sterreichischem formellem und materiellem Recht unter Ausschluss der Regeln des internationalen Privatrechts sowie des UN-Kaufrechts.<\/p>\n","protected":false},"excerpt":{"rendered":"<p>TRANSFERTAXI VIENNA | Stand 2024 I. Geltungsbereich Die nachfolgenden Allgemeinen Gesch\u00e4ftsbedingungen (AGB) regeln die Rechtsbeziehung zwischen dem Taxiunternehmen Transfertaxi Vienna, vertreten durch Savara GmbH (im Folgenden &#8222;Unternehmer&#8220; genannt), und seinen Kunden. Sie gelten f\u00fcr alle Leistungen, die von Transfertaxi Vienna erbracht werden. Mit der Auftragserteilung akzeptiert der Kunde diese AGB ausdr\u00fccklich und erkennt sie als&hellip;&nbsp;<a href=\"http:\/\/www.transfervienna.at\/?page_id=430\" class=\"\" rel=\"bookmark\">Weiterlesen &raquo;<span class=\"screen-reader-text\">Allgemeine Gesch\u00e4ftsbedingungen | AGB<\/span><\/a><\/p>\n","protected":false},"author":1,"featured_media":0,"parent":0,"menu_order":0,"comment_status":"closed","ping_status":"closed","template":"","meta":{"neve_meta_sidebar":"","neve_meta_container":"","neve_meta_enable_content_width":"","neve_meta_content_width":0,"neve_meta_title_alignment":"","neve_meta_author_avatar":"","neve_post_elements_order":"","neve_meta_disable_header":"","neve_meta_disable_footer":"","neve_meta_disable_title":"","footnotes":""},"class_list":["post-430","page","type-page","status-publish","hentry"],"_links":{"self":[{"href":"http:\/\/www.transfervienna.at\/index.php?rest_route=\/wp\/v2\/pages\/430","targetHints":{"allow":["GET"]}}],"collection":[{"href":"http:\/\/www.transfervienna.at\/index.php?rest_route=\/wp\/v2\/pages"}],"about":[{"href":"http:\/\/www.transfervienna.at\/index.php?rest_route=\/wp\/v2\/types\/page"}],"author":[{"embeddable":true,"href":"http:\/\/www.transfervienna.at\/index.php?rest_route=\/wp\/v2\/users\/1"}],"replies":[{"embeddable":true,"href":"http:\/\/www.transfervienna.at\/index.php?rest_route=%2Fwp%2Fv2%2Fcomments&post=430"}],"version-history":[{"count":3,"href":"http:\/\/www.transfervienna.at\/index.php?rest_route=\/wp\/v2\/pages\/430\/revisions"}],"predecessor-version":[{"id":448,"href":"http:\/\/www.transfervienna.at\/index.php?rest_route=\/wp\/v2\/pages\/430\/revisions\/448"}],"wp:attachment":[{"href":"http:\/\/www.transfervienna.at\/index.php?rest_route=%2Fwp%2Fv2%2Fmedia&parent=430"}],"curies":[{"name":"wp","href":"https:\/\/api.w.org\/{rel}","templated":true}]}}